se -7 = 3*y - 22. Let n(l) = l**3 - 3*l**2 + 9 - l + 0*l - y*l**2 + 7*l. What is the units digit of n(7)?
2
Let l be 4/10 - 2/5. Let k be 0 - (-40)/(1*-4). Let w = l - k. What is the tens digit of w?
1
Let v(x) be the first derivative of x**3/3 + x**2 - 3*x + 2. What is the units digit of v(-5)?
2
Let s(v) = -5*v**3 - 2*v**2 + 1. Let y be s(-2). Suppose 0 = 2*l - 3*h - y, -4*l + 2*h = -2*l - 34. What is the tens digit of l?
1
What is the units digit of ((-5)/(-3))/((-7)/(-42))?
0
Suppose 1 = 4*l - 3*l. Suppose -x = l - 4. Suppose 10 = o - 3*o, -x*o - 12 = 3*k. What is the units digit of k?
1
Suppose 0 = 2*a - 6*a + 384. What is the tens digit of a?
9
Let a(f) = 3*f**2. Suppose -23 = -3*t + 2*b, 6 = -2*t + b + 20. Let l be a(t). What is the units digit of ((-4)/10)/((-3)/l)?
0
Let d be (-2)/(6/(-135)) - -2. Let v = -33 + d. What is the tens digit of v?
1
Let v(a) = -a**3 + 5*a**2 - 4*a - 1. Let f(t) = -t - 4. Let z be f(-7). Let s be v(z). Suppose 4*l - s*l = -9. What is the units digit of l?
9
Suppose -2*f - 4*l + 538 = 0, 3*f + 10*l = 8*l + 803. What is the hundreds digit of f?
2
What is the tens digit of (0 - -71 - 1) + 12/6?
7
Suppose -l + 7 = -0*l. Let o = 21 - l. What is the units digit of o?
4
Let y(v) = -18*v - 49. What is the units digit of y(-13)?
5
Let w be (77/7)/((-1)/2). Let g = 49 + w. What is the tens digit of g?
2
Let o = -12 + 12. What is the tens digit of (-1)/((o - 2)/22)?
1
Let o = -2 + 4. Suppose 3*j - 5*a = -0*a + 2, 2*j - o*a - 4 = 0. Suppose -x = -j*x + 57. What is the units digit of x?
9
Let c be 8/(-3)*9/2. Let s = c - -49. What is the tens digit of s?
3
Let h = 27 - 6. What is the tens digit of h?
2
Let y = 10 - -4. Suppose 2*h + y = -2*g, 0*g = -3*g - 4*h - 26. What is the units digit of 4/(g/(-1)) - -10?
2
Suppose 5*p + 3*w = 1, 2*p - 2*w = 3*w + 19. Suppose p*m - 4*m = -6. Suppose 4*l - 29 = -m*d, 3*l - 12 = -3*d + 9. What is the units digit of l?
8
What is the tens digit of -2 + 47 + (-8)/(-4)?
4
What is the units digit of (-1 - -2)/((-9)/(-81))?
9
Suppose -6*p - 285 + 1311 = 0. What is the hundreds digit of p?
1
Let f(g) = 27*g**2 + 1. Let w be f(1). Let b be w/6 + (-1)/(-3). Suppose 0 = 3*p + b*x - 5 - 30, p - 14 = -4*x. What is the tens digit of p?
1
Let q(h) = 3*h - 4. Let y be q(4). Suppose -8*i = -4*i + 2*w, 2*w + y = 0. What is the units digit of i?
2
Let i be (-3)/15 - 132/15. Let l = i + 15. What is the units digit of l?
6
Suppose 7*l - 144 = 3*l. What is the tens digit of l?
3
Let a = -5 - -7. Let v = a - -5. What is the units digit of v?
7
Suppose -a = -6*u + 3*u - 16, -21 = -2*a - 5*u. Let c = -8 + a. Suppose 4*p - p - 14 = h, 0 = -c*p + h + 22. What is the units digit of p?
4
Let n(y) = -4*y**2 + 4*y. Let s(j) = 7*j**2 - 8*j. Let w(v) = 5*n(v) + 3*s(v). What is the tens digit of w(-3)?
2
What is the tens digit of (6/12)/((-1)/(-60))?
3
Let w(v) = -v**3 + v**2 + v. Let s(t) = t + 5. Let q be s(-6). Let z(l) = 13*l**2 - 15*l + 5. Let k(m) = q*z(m) - w(m). What is the units digit of k(13)?
8
Let b(p) = -p - 4. Let i be b(-6). What is the units digit of (i/(-4))/(5/(-10))?
1
Let r(z) = -z**2 - 4*z. What is the units digit of r(-2)?
4
Suppose -2*k + 72 + 38 = 0. What is the tens digit of k?
5
Let b(t) = 0 - t**2 - 4 - 5 + 3*t**2 - 3*t. What is the tens digit of b(-5)?
5
Suppose 0 = 3*s - 0*s - 174. What is the units digit of s?
8
Suppose 0 = -3*o + 15. Suppose -3*j - j + 6 = 2*n, o*j = 4*n + 40. What is the units digit of j?
4
Suppose -2*u - 3*a = -0*a - 48, 0 = -4*u - 2*a + 96. What is the units digit of u?
4
What is the units digit of 28/21*(-9)/(-2)?
6
Let w(q) = 2*q**2 - 2*q - 1. What is the tens digit of w(3)?
1
Suppose -5*g + 25 = -0*g. Suppose -g = -4*n + 11. Suppose -13 = -n*r + 3. What is the units digit of r?
4
Let f(n) = n**3 - 6*n**2 + n - 3. Let c(s) = 6*s**2. Let g be c(1). Let m be f(g). Suppose m*v - u - 100 = -2*v, -40 = -2*v - 3*u. What is the units digit of v?
0
Let i = -114 + 249. What is the tens digit of i?
3
Let n(o) = -o**3 + o + 13. Let v be n(0). Let c = -7 + v. What is the units digit of c?
6
Let d(s) = s**3 - 11*s**2 + 9*s + 12. Let f be d(10). Suppose 48 = f*q + 2*q. What is the tens digit of q?
1
Let b = 40 - 29. Let d = b - 2. What is the units digit of d?
9
Let s = -80 + 120. What is the tens digit of (96/s)/(6/40)?
1
Suppose 4*n = -35 + 115. Suppose 5*c = 2*i + 2*i + 60, -3*c + 2*i = -34. Suppose 4*p - n = -c. What is the units digit of p?
3
What is the units digit of (4 - -3)*972/21?
4
Suppose 16*b = 6*b + 1480. What is the tens digit of b?
4
Suppose 5*l - 54 - 411 = 0. What is the tens digit of l?
9
Let h(c) = c**3 + 4*c**2 + 2*c + 4. Let d(s) = 2*s**3 + 9*s**2 + 5*s + 7. Let v(z) = -3*d(z) + 5*h(z). What is the units digit of v(-7)?
4
Let y(w) = -4*w**2 + 2*w + 1. Let m = -6 - -5. Let z be y(m). What is the units digit of (-6 + 1)*2/z?
2
Suppose -9*l + 11*l - 66 = 0. What is the units digit of l?
3
Let v = 8 + -6. Let c be 12*(-1)/(v/(-3)). Suppose -3*i + 0*i + c = 0. What is the units digit of i?
6
Suppose -31 = -w + 5*k, k + 7 = 4*w - 98. What is the units digit of w?
6
Let o be (4/1)/(6/9). Let h = -9 + o. Let x(i) = -2*i**3 - 3*i**2 + 3*i. What is the units digit of x(h)?
8
Suppose 22 = 5*p - 3. Suppose -p*y - 1 + 26 = 0. Suppose -11 + 1 = -y*a. What is the units digit of a?
2
Suppose -g + 0*g = -49. What is the tens digit of g?
4
Let h be (-6)/39 - (-100)/(-26). Let i(o) = -o**3 - 3*o**2 + 3*o + 6. What is the tens digit of i(h)?
1
Let q(o) = -o**2 + o + 4. Let s be q(0). Suppose -3*p + 0*p - 99 = -4*a, 95 = s*a + p. Suppose -3*m = -6*m + a. What is the units digit of m?
8
Let q be ((-4)/(-10))/1*10. Suppose -3*z - 5*x = -2*x - 12, -q*z + 16 = -5*x. What is the units digit of z?
4
Let o be 3/9 + (-28)/(-6). Suppose -3*b - o*n = -n - 48, 0 = 3*n. What is the units digit of b?
6
Let r(x) = -x**3 - x + 14. Suppose -3*p = 4*g - 3*g - 5, -g = -2*p - 5. What is the units digit of r(p)?
4
Suppose i + 35 = 5*o, -5*o - 6 = -31. Let x = 20 + i. What is the tens digit of x?
1
Suppose 146 = 5*c - 54. Suppose 46 = 4*u - 3*x, -3*u + 5*x + c = -0*x. What is the tens digit of u?
1
Suppose -3*h - 2 = 64. Let d = h - -33. What is the tens digit of d?
1
Suppose 0 = -5*j + 5*v + 805, 0 = 5*v - 2*v - 15. What is the hundreds digit of j?
1
Let x = 10 + 4. Suppose 0*c - 2*v + 10 = -c, 4*c + 40 = 3*v. Let m = c + x. What is the units digit of m?
4
Suppose -4*y - t - 6 = 0, -2*y - 5*t - 2 = -4*t. Let a(z) = z**2 - 9*z + 1. Let j be a(9). What is the units digit of -1*(j + y)*9?
9
Let t(r) = -r**2 - 10*r - 11. Let m be t(-8). Suppose -m*o = 25, -3*w + 2*o + 115 = -0*o. Suppose -x - 4*x + w = 0. What is the units digit of x?
7
Let b = 64 + -36. What is the tens digit of b?
2
Let i = 8 + -3. Suppose -15 = i*b - 60. What is the units digit of b?
9
What is the tens digit of 280/15*27/6?
8
Let f(h) = -h**3 - 6*h**2 - 7*h - 5. What is the units digit of f(-5)?
5
Let f = -11 + 31. What is the tens digit of f?
2
Let u = 1 + 2. Let c = u - 3. Suppose k + 2*k - 6 = c. What is the units digit of k?
2
Suppose 0 = 5*o - o - 88. Let y = 43 - o. What is the units digit of y?
1
Suppose -57 + 2 = -5*i - 5*f, -7 = 3*i - 5*f. Suppose -22 = -4*m - i. What is the units digit of m?
4
What is the tens digit of (-12392)/(-136) - 4/34?
9
Suppose -429 = -5*l - 154. What is the units digit of l?
5
Suppose 0*h + 9 = 3*h. Let z = -2 + h. Suppose 2*a = 9 - z. What is the units digit of a?
4
Let o be (6/(-5))/(2/10). What is the units digit of 6/8*o*-2?
9
Let x = 3 - 1. Suppose -5*d = 3*m - 17, -5*d = -0*m + x*m - 18. What is the units digit of d?
4
Let g = 24 + -20. Let o be (-6)/9 - 70/(-6). Suppose g*u - o = 1. What is the units digit of u?
3
Let q(c) = -6*c - 6*c + c**2 - 1 + 2*c + 12. Let g be q(9). What is the units digit of 42/7 - -1*g?
8
Let y(u) = u**3 + 10*u**2 + 2*u + 11. Let c be y(-10). Let i(o) = -o - 7. What is the units digit of i(c)?
2
What is the tens digit of (2/(-2))/((-2)/70)?
3
What is the units digit of 2/(8/(-30))*224/(-21)?
0
Let t(p) = -p**2 + 5*p - 4*p + 1 - 3*p**2 + 3*p**2. Let f be t(-1). Let a = 7 - f. What is the units digit of a?
8
Suppose -i + 4*i = 0. Suppose 2*l + 0*l - 4 = i. What is the units digit of l?
2
Let w(p) = -6*p - 4. Let f be w(-4). Let z = -7 + f. What is the units dig